{"id":507,"date":"2020-06-05T08:40:54","date_gmt":"2020-06-05T08:40:54","guid":{"rendered":"http:\/\/couchcoaching.eu\/?page_id=507"},"modified":"2020-06-27T11:29:56","modified_gmt":"2020-06-27T11:29:56","slug":"coaching","status":"publish","type":"page","link":"https:\/\/couchcoaching.eu\/?page_id=507","title":{"rendered":"\u00dcber Coaching"},"content":{"rendered":"\n<h3>Was f\u00fchrt einen Menschen zum Coaching?&nbsp;&nbsp;&nbsp;&nbsp;&nbsp;<\/h3>\n\n\n\n<p><\/p>\n\n\n\n<p>Ein Mensch, der&nbsp;zum Coaching geht, w\u00fcnscht sich eine Ver\u00e4nderung. Er m\u00f6chte sich pers\u00f6nlich weiterentwickeln, eine belastende Lebenssituation ver\u00e4ndern oder Lebensbereiche st\u00e4rken, in denen er einen Mangel versp\u00fcrt.&nbsp;&nbsp;<\/p>\n\n\n\n<p>M\u00f6glicherweise hat er das Empfinden, in manchen Lebensbereichen nicht frei in seinem Selbstausdruck zu sein. Oder er erkennt, dass er bestimmte Situationen vermeidet und w\u00fcnscht sich Unterst\u00fctzung, sich aus seiner Komfortzone heraus zu begeben, um sein Leben reichhaltiger zu gestalten. Oder sein Alltag und sein Selbsterleben scheinen aus dem Takt geraten. Was die letzten Jahre gut funktioniert hat, passt pl\u00f6tzlich nicht mehr. Eine innere Unruhe macht sich breit und zeugt von dem Wunsch nach frischem Wind und pers\u00f6nlicher Weiterentwicklung. Vielleicht kommt der Ver\u00e4nderungsimpuls auch von au\u00dfen: Der*die Partner*in hat sich getrennt, die Stelle wurde gek\u00fcndigt, existenzielle Ressourcen fallen weg oder eine Lebensphase geht zu Ende. Verunsicherung ist die Folge, und es meldet sich ein&nbsp;Bed\u00fcrfnis nach Halt und Orientierung.&nbsp;&nbsp;&nbsp;<\/p>\n\n\n\n<p>Worin auch immer der konkrete Anlass besteht,&nbsp;der einen Menschen dazu bewegt, ein Coaching wahrzunehmen:&nbsp;immer&nbsp;geht es darum,&nbsp;einen Ver\u00e4nderungsprozess&nbsp;zu gestalten.&nbsp;&nbsp;&nbsp;<\/p>\n\n\n\n<div style=\"height:20px\" aria-hidden=\"true\" class=\"wp-block-spacer\"><\/div>\n\n\n\n<h3>Was tut der*die&nbsp;Coach*in?&nbsp;<\/h3>\n\n\n\n<p>Der*die&nbsp;Coach*in&nbsp;unterst\u00fctzt und begleitet den Menschen, der zu ihm kommt, in seinem Ver\u00e4nderungsprozess. Das Coaching gestaltet er*sie&nbsp;als einen Rahmen, in dem der Coachee sich mit seinen innersten Anliegen verbindet, neue Sichtweisen entwickelt, Klarheit und Orientierung gewinnt und jene Impulse empf\u00e4ngt, die er ben\u00f6tigt, um die Ver\u00e4nderungen, die er sich in seinem Leben w\u00fcnscht, beherzt umzusetzen.&nbsp;&nbsp;&nbsp;<\/p>\n\n\n\n<p><\/p>\n\n\n\n<p>Coaching hat sich historisch aus der Psychotherapie heraus entwickelt. Oft haben Coaches eine Ausbildung zum\/zur Therapeuten*in absolviert. Gestalttherapie, Impact Therapy, Gespr\u00e4chstherapie und NLP sind auch bei Coaches beliebte Therapieschulen, denen sie eine Vielzahl ihrer Methoden entlehnen. Ebenso kommen systemische und verhaltenstherapeutische Verfahren&nbsp;in Coachings&nbsp;zum Einsatz. <\/p>\n\n\n\n<p>Kurzum: Jeder Coach hat seinen Methodenkoffer individuell gef\u00fcllt. Was Dich in einem Coaching konkret erwartet, h\u00e4ngt somit stark vom&nbsp;Hintergrund&nbsp;und Ausbildungsweg des jeweiligen Coaches ab.<\/p>\n\n\n\n<div style=\"height:20px\" aria-hidden=\"true\" class=\"wp-block-spacer\"><\/div>\n\n\n\n<h3>Wie unterscheidet sich Coaching von Therapie?&nbsp;<\/h3>\n\n\n\n<p>Coachings richten sich an weitgehend psychisch gesunde Menschen, die in der Lage sind, Ver\u00e4nderungen in ihrem Alltag eigenst\u00e4ndig und ohne l\u00e4ngerfristige Begleitung zu verwirklichen. Wer hingegen psychisch erkrankt ist (z.B. an einer Depression) oder an einer Neurose leidet, deren komplexe Symptomatik sich nicht in ein paar Terminen aufl\u00f6sen l\u00e4sst, ist beim Psychotherapeuten gut aufgehoben. Entsprechend nehmen Therapien meist viel Zeit in Anspruch, oft mehrere Jahre. Coachings enden meist, wenn der Klient sein Thema gekl\u00e4rt hat und erfolgreich L\u00f6sungsgedanken umsetzt. Dies kann bereits nach zwei bis f\u00fcnf Sitzungen der Fall sein. <\/p>\n\n\n\n<p>Womit ein weiteres Unterscheidungsmerkmal angezeigt ist: Coachings fokussieren auf die Gegenwart des Klienten, Therapien nehmen in einem st\u00e4rkeren Ma\u00dfe die Vergangenheit in den Blick. Coaches arbeiten daher eher l\u00f6sungs- und ressourcenorientiert, w\u00e4hrend in Therapien oft dem Problem, bzw. \u201eSt\u00f6rungsmuster\u201c, und seiner Entwicklungsgeschichte viel Raum gegeben wird.&nbsp;&nbsp;<\/p>\n\n\n\n<div style=\"height:120px\" aria-hidden=\"true\" class=\"wp-block-spacer\"><\/div>\n\n\n\n<p class=\"has-small-font-size\">Copyright <em>\u00a9<\/em> 2023 by Couchcoaching.eu<\/p>\n","protected":false},"excerpt":{"rendered":"<p>Was f\u00fchrt einen Menschen zum Coaching?&nbsp;&nbsp;&nbsp;&nbsp;&nbsp; Ein Mensch, der&nbsp;zum Coaching geht, w\u00fcnscht sich eine Ver\u00e4nderung. Er m\u00f6chte sich pers\u00f6nlich weiterentwickeln, eine belastende Lebenssituation ver\u00e4ndern oder Lebensbereiche st\u00e4rken, in denen er einen Mangel versp\u00fcrt.&nbsp;&nbsp; M\u00f6glicherweise hat er das Empfinden, in manchen Lebensbereichen nicht frei in seinem Selbstausdruck zu sein. Oder er erkennt, dass er bestimmte Situationen vermeidet und w\u00fcnscht sich Unterst\u00fctzung, sich aus seiner Komfortzone heraus zu begeben, um sein Leben<\/p>\n<div class=\"belowpost\">\n<div class=\"postdate\">Juni 5, 2020<\/div>\n<div><a class=\"more-link\" href=\"https:\/\/couchcoaching.eu\/?page_id=507\">Read More<\/a><\/div>\n<\/p><\/div>\n","protected":false},"author":2,"featured_media":616,"parent":0,"menu_order":0,"comment_status":"closed","ping_status":"closed","template":"template-full-width.php","meta":[],"_links":{"self":[{"href":"https:\/\/couchcoaching.eu\/index.php?rest_route=\/wp\/v2\/pages\/507"}],"collection":[{"href":"https:\/\/couchcoaching.eu\/index.php?rest_route=\/wp\/v2\/pages"}],"about":[{"href":"https:\/\/couchcoaching.eu\/index.php?rest_route=\/wp\/v2\/types\/page"}],"author":[{"embeddable":true,"href":"https:\/\/couchcoaching.eu\/index.php?rest_route=\/wp\/v2\/users\/2"}],"replies":[{"embeddable":true,"href":"https:\/\/couchcoaching.eu\/index.php?rest_route=%2Fwp%2Fv2%2Fcomments&post=507"}],"version-history":[{"count":30,"href":"https:\/\/couchcoaching.eu\/index.php?rest_route=\/wp\/v2\/pages\/507\/revisions"}],"predecessor-version":[{"id":709,"href":"https:\/\/couchcoaching.eu\/index.php?rest_route=\/wp\/v2\/pages\/507\/revisions\/709"}],"wp:featuredmedia":[{"embeddable":true,"href":"https:\/\/couchcoaching.eu\/index.php?rest_route=\/wp\/v2\/media\/616"}],"wp:attachment":[{"href":"https:\/\/couchcoaching.eu\/index.php?rest_route=%2Fwp%2Fv2%2Fmedia&parent=507"}],"curies":[{"name":"wp","href":"https:\/\/api.w.org\/{rel}","templated":true}]}}