{"id":12,"date":"2020-01-19T13:18:37","date_gmt":"2020-01-19T13:18:37","guid":{"rendered":"http:\/\/couchcoaching.eu\/?page_id=12"},"modified":"2020-06-27T11:27:54","modified_gmt":"2020-06-27T11:27:54","slug":"coach-trois","status":"publish","type":"page","link":"https:\/\/couchcoaching.eu\/?page_id=12","title":{"rendered":"Tilman"},"content":{"rendered":"\n<blockquote class=\"wp-block-quote\"><p>Alles was ein Mensch tut, tut er, um Bed\u00fcrfnisse zu erf\u00fcllen.<\/p><cite>&nbsp;Marshall B. Rosenberg&nbsp;<\/cite><\/blockquote>\n\n\n\n<div style=\"height:20px\" aria-hidden=\"true\" class=\"wp-block-spacer\"><\/div>\n\n\n\n<h3>Mein Anliegen<\/h3>\n\n\n\n<p>Ich unterst\u00fctze Menschen darin sich selbst und ihr Umfeld im Blick zu halten und aufrichtig und empathisch zu wirken. Frei nach Gandhi bedeutet das, bei sich selbst zu beginnen, wenn es um Kl\u00e4rung, Verbundenheit oder Ver\u00e4nderung geht. Ich w\u00fcnsche mir, in einer Welt zu leben, in der Neugierde und Offenheit regieren. Und gleichzeitig m\u00f6glichst gewaltfreier Selbstausdruck. Manchmal klappt das mit der Neugierde, Offenheit und Gewaltfreiheit nicht \u2013 und genau f\u00fcr solche Momenten bin ich da.&nbsp;<br>Mit meinem Engagement bei Couchcoaching m\u00f6chte ich dich darin unterst\u00fctzen, das zu leben, was du bist.<\/p>\n\n\n\n<p><\/p>\n\n\n\n<div style=\"height:20px\" aria-hidden=\"true\" class=\"wp-block-spacer\"><\/div>\n\n\n\n<figure class=\"wp-block-image size-large\"><img decoding=\"async\" loading=\"lazy\" width=\"1024\" height=\"576\" src=\"https:\/\/couchcoaching.eu\/wp-content\/uploads\/2020\/06\/20200607_133906-1024x576.jpg\" alt=\"\" class=\"wp-image-519\" srcset=\"https:\/\/couchcoaching.eu\/wp-content\/uploads\/2020\/06\/20200607_133906-1024x576.jpg 1024w, https:\/\/couchcoaching.eu\/wp-content\/uploads\/2020\/06\/20200607_133906-300x169.jpg 300w, https:\/\/couchcoaching.eu\/wp-content\/uploads\/2020\/06\/20200607_133906-768x432.jpg 768w, https:\/\/couchcoaching.eu\/wp-content\/uploads\/2020\/06\/20200607_133906-2048x1152.jpg 2048w\" sizes=\"(max-width: 1024px) 100vw, 1024px\" \/><\/figure>\n\n\n\n<h3>Mein Weg zum Couchcoach<\/h3>\n\n\n\n<p>Ich bin in drei verschiedenen L\u00e4ndern aufgewachsen und habe den Mehrwert und auch das Risiko von Anpassungsf\u00e4higkeit selbst erlebt. Die F\u00e4higkeit, die eigenen Anliegen und die der anderen im Blick zu haben, l\u00e4sst sich trainieren. Sie erfordert individuelle Klarheit und Verhandlungsspielraum. Ich begleite seit meinem Abitur Menschen dabei sich selbst und anderen auf dem Schirm zu halten; erst Jugendliche, heute Erwachsene. Heute leite ich auf Basis des Kommunikations-Ansatzes Gewaltfreie Kommunikation (GFK) nach Marshall B. Rosenberg Aus- und Weiterbildungen, Studientage und Trainings in Organisationen. Dabei ist Coaching ein elementarer Bestandteil. Von der Haltung her gehe ich davon aus, dass du selbst f\u00fcr dich wei\u00dft, was am besten ist. Ich begegne dir aus der Sicht des bed\u00fcrfnisorientierten Bewusstseins, verstehe Gef\u00fchle als fundamental wichtigen Hinweis f\u00fcr erf\u00fcllte bzw. unterf\u00fcllte Bed\u00fcrfnisse und lade dich ein, aus bekannten (meist durchdachten) Erkl\u00e4rungsmustern auszutreten, um eine neue (ganzheitlichere, weil inklusive Gef\u00fchlen und Bed\u00fcrfnissen) Perspektive einzunehmen. Um gemeinsam mit dir die n\u00e4chsten Schritte zu planen, die du im Folgenden dann selbst gehst.<\/p>\n\n\n\n<div style=\"height:20px\" aria-hidden=\"true\" class=\"wp-block-spacer\"><\/div>\n\n\n\n<h3>Und sonst&#8230;<\/h3>\n\n\n\n<p>Wenn ich gerade keine Workshops oder Coachings gebe, besch\u00e4ftige ich mich mit Outdoor-Sport, Meditation, dem Gr\u00fcnden von Start-Ups, die manchmal funktionieren und manchmal nicht, oder unterst\u00fctze Projekte in der Konzeptionierungsphase.<\/p>\n\n\n\n<div style=\"height:50px\" aria-hidden=\"true\" class=\"wp-block-spacer\"><\/div>\n\n\n\n<p>Zu den anderen Coaches:<\/p>\n\n\n\n<div class=\"is-layout-flex wp-block-buttons\">\n<div class=\"wp-block-button\"><a class=\"wp-block-button__link has-background has-luminous-vivid-orange-background-color\" href=\"https:\/\/couchcoaching.eu\/?page_id=10\">Oliver<\/a><\/div>\n\n\n\n<div class=\"wp-block-button\"><a class=\"wp-block-button__link has-background has-luminous-vivid-orange-background-color\" href=\"https:\/\/couchcoaching.eu\/?page_id=11\">Anne<\/a><\/div>\n<\/div>\n\n\n\n<div style=\"height:120px\" aria-hidden=\"true\" class=\"wp-block-spacer\"><\/div>\n\n\n\n<p class=\"has-small-font-size\">Copyright <em>\u00a9<\/em> 2023 by Couchcoaching.eu<\/p>\n","protected":false},"excerpt":{"rendered":"<p>Alles was ein Mensch tut, tut er, um Bed\u00fcrfnisse zu erf\u00fcllen. &nbsp;Marshall B. Rosenberg&nbsp; Mein Anliegen Ich unterst\u00fctze Menschen darin sich selbst und ihr Umfeld im Blick zu halten und aufrichtig und empathisch zu wirken. Frei nach Gandhi bedeutet das, bei sich selbst zu beginnen, wenn es um Kl\u00e4rung, Verbundenheit oder Ver\u00e4nderung geht. Ich w\u00fcnsche mir, in einer Welt zu leben, in der Neugierde und Offenheit regieren. Und gleichzeitig m\u00f6glichst<\/p>\n<div class=\"belowpost\">\n<div class=\"postdate\">Januar 19, 2020<\/div>\n<div><a class=\"more-link\" href=\"https:\/\/couchcoaching.eu\/?page_id=12\">Read More<\/a><\/div>\n<\/p><\/div>\n","protected":false},"author":1,"featured_media":342,"parent":0,"menu_order":0,"comment_status":"closed","ping_status":"closed","template":"template-full-width.php","meta":[],"_links":{"self":[{"href":"https:\/\/couchcoaching.eu\/index.php?rest_route=\/wp\/v2\/pages\/12"}],"collection":[{"href":"https:\/\/couchcoaching.eu\/index.php?rest_route=\/wp\/v2\/pages"}],"about":[{"href":"https:\/\/couchcoaching.eu\/index.php?rest_route=\/wp\/v2\/types\/page"}],"author":[{"embeddable":true,"href":"https:\/\/couchcoaching.eu\/index.php?rest_route=\/wp\/v2\/users\/1"}],"replies":[{"embeddable":true,"href":"https:\/\/couchcoaching.eu\/index.php?rest_route=%2Fwp%2Fv2%2Fcomments&post=12"}],"version-history":[{"count":20,"href":"https:\/\/couchcoaching.eu\/index.php?rest_route=\/wp\/v2\/pages\/12\/revisions"}],"predecessor-version":[{"id":707,"href":"https:\/\/couchcoaching.eu\/index.php?rest_route=\/wp\/v2\/pages\/12\/revisions\/707"}],"wp:featuredmedia":[{"embeddable":true,"href":"https:\/\/couchcoaching.eu\/index.php?rest_route=\/wp\/v2\/media\/342"}],"wp:attachment":[{"href":"https:\/\/couchcoaching.eu\/index.php?rest_route=%2Fwp%2Fv2%2Fmedia&parent=12"}],"curies":[{"name":"wp","href":"https:\/\/api.w.org\/{rel}","templated":true}]}}